 t(k) = 13*k**3 - 17*k**2 + 5*k - 5. Let w(o) = 28*o**3 - 36*o**2 + 11*o - 10. Let n(y) = 13*t(y) - 6*w(y). What is n(5)?
-10
Let m = 831340 + -831340. Let n(b) = 9*b + 0 + 2 + 0. Give n(m).
2
Let n(c) be the second derivative of -1/2*c**3 - 3/2*c**2 - 16*c + 1/120*c**6 - 1/24*c**4 + 1/20*c**5 + 0. Let g(h) be the first derivative of n(h). Give g(-4).
-15
Suppose -27*m = -22*m + 40. Let b be m/(-8) + 2*-2. Let z(g) = -g**3 + 0*g**3 + 4 - 3*g - 5 - 4*g**2. Give z(b).
-1
Let k = 230 - 223. Let w be ((-6)/10)/((-3)/15). Let n(s) = -s + w - 1 - 3. Determine n(k).
-8
Let s(j) = -41*j + 6. Let l(w) = 33*w - 7. Let g(o) = 3*l(o) + 2*s(o). Determine g(2).
25
Let r(h) = 4*h**2 + h + 1. Let f be r(1). Suppose f*n - 7 - 5 = 0. Suppose b = -2*l + 1, 4*b - n*l - 3*l = 4. Let y(k) = 4*k**3 + k. Give y(b).
5
Let m(k) = 2*k**2 - k. Let p(i) = -6*i**3 - 2*i**2 + 1. Let j be p(-1). Suppose -71 - 19 = -j*s. Suppose -15*n = -6*n - s. What is m(n)?
6
Suppose 2 + 10 = 2*m. Let v(q) = -q - 399 + 398 + q**2 + 2*q. Let a(h) = 4*h**2 - 3*h - 6. Let d(s) = m*v(s) - a(s). Give d(-6).
18
Let f(t) = 3 + 39*t - 19*t - 19*t. Let h = 135 + -311. Let v = h + 166. Determine f(v).
-7
Let v(r) = r - 2. Let w(t) = t**2 + 14*t + 44. Let k be w(-10). Let a(y) = -3*y + 12. Let u(s) = k*v(s) + a(s). What is u(-4)?
0
Let z(m) = 25*m - 1448. Suppose 0 = -20*y - 49*y + 4002. Calculate z(y).
2
Let o be ((-6)/5)/(3/105). Let t = o - -46. Let r(i) = t*i**2 + 8 - i**3 - 2*i**2 - 2*i**2 + i - 7*i**2. What is r(-7)?
1
Let m(x) = 3*x - 148. Let f(i) = -i + 38. Let o(n) = 12*f(n) + 3*m(n). What is o(10)?
-18
Let b(x) = x**3 + 9*x**2 + 7*x - 9. Let h(a) = -2*a**2 - a + 9. Let u(r) = -3*r**2 - r + 14. Let m(d) = -7*h(d) + 5*u(d). Let q be m(5). What is b(q)?
-1
Let t(r) be the third derivative of -r**5/60 + 37*r**4/24 - 11*r**3/6 + 2*r**2 + 51*r. Let x(i) = -i**2 + 17*i - 5. Let a(l) = 6*t(l) - 13*x(l). Give a(-2).
25
Let k(d) = -d**2 - 5*d + 5. Suppose -3*m = -2*b + 27, -3*b + 28 = -3*m - 8. Suppose -5*s = 5*g + 25, -b = s - 2*g - g. Give k(s).
-1
Suppose 2*c - 3 = 7. Suppose 6*a - c = 13. Suppose -6*o + o - 2 = -2*x, a*x - 8 = 5*o. Let i(s) = 3*s - 7. Give i(x).
11
Let l(t) be the second derivative of t**5/20 + t**4/12 - t**3/6 + t**2/2 + 22*t. Suppose 39*m - 23*m = 0. Determine l(m).
1
Let a = -159 + 187. Let t(o) = a*o**2 - 7*o + 29*o**2 - 4 + 30*o**2 - 88*o**2. Calculate t(-7).
-4
Let o be (2 - 0/(-1))*100/20. Let y(u) = 8 - u - 25 + 21. Determine y(o).
-6
Let u be 4 + (-6)/4 + 2/(-4). Let l be 8/(6 - u) - -46. Let i(o) = -26*o**3 + 4*o**2 - 1 + 2*o + l*o**3 - 23*o**3. Give i(4).
7
Let q(z) = -13043 - 549*z**2 + 3*z + 13045 + 548*z**2. Let u(t) = -t - 2. Let g be u(-5). Suppose -4*c + 4*w = -28, -2*c - g*w + 1 + 3 = 0. Give q(c).
-8
Let i(w) = 105 + 1611966*w - 1611951*w + 12. What is i(-9)?
-18
Let k(x) = 244*x**2 + 231*x**2 - 21 + 2*x - 474*x**2. Calculate k(5).
14
Suppose 13*n + 4778 - 4791 = 0. Let q = 0 + 2. Let m(s) = -s + 16*s**2 - q + 1 + 2. Determine m(n).
16
Let h(k) be the second derivative of k**6/360 - k**5/24 + 13*k**4/12 - 42*k. Let w(x) be the third derivative of h(x). Calculate w(-5).
-15
Let t(q) = -q**3 - 4*q**2 + 4*q + 2. Let a be t(-5). Let y be 4 + 1 + 12/(-4). Let m(z) = -z**y + 7 - z + 3*z - z + 3*z + 0*z. What is m(a)?
-14
Let v(r) = 6*r - 4129 - 2*r - 2*r - 3*r + 4140. Give v(-13).
24
Let n be 15/((-30)/(-10)) - (0 + 0). Suppose 2*l - 3 = -n*j + 2, -2 = j + l. Let i(g) = -2*g + 8. Give i(j).
2
Let r(w) = -w**2 + 179883 - 179883 + 5*w. Determine r(7).
-14
Let x(t) = -t**2 - 18*t - 7. Suppose 5*r + 24 = -11*o + 15*o, -2*r = 5*o + 3. Let d be 68/r*(-3)/(-3). What is x(d)?
10
Let r(g) = -g**3 + 6*g**2 - 11*g - 1. Let c(p) = -p**3 - 111*p**2 + 219*p - 786. Let b be c(-113). Calculate r(b).
-31
Let k = 13 + 0. Let i(x) = -40 + 5 + 3 + k + 4*x. Let w be i(5). Let u(c) = -6*c**2 - c. Calculate u(w).
-7
Let p(z) be the first derivative of -z**3/3 - z**2/2 + 2*z - 102125. Let j(h) be the first derivative of h**2/2 + h + 2. Let k be j(-1). Calculate p(k).
2
Let t(j) = -7*j**2 - 7 - 7 - 41044*j**3 - 41041*j**3 + 82086*j**3 - 4*j. What is t(8)?
18
Suppose 0 = 2*f + v + 17, -f = 3*f + v + 33. Let w(s) = 5*s**2 - 10*s + 1. Let g(k) = 14*k**2 - 30*k + 2. Let p(o) = -6*g(o) + 17*w(o). Give p(f).
-11
Let o(b) = -b**3 - b**2 - 26. Let a = -458 + 1077. Let k = -619 + a. Give o(k).
-26
Suppose -4*g - 3*c - c + 32 = 0, g + 1 = 2*c. Suppose -3*a - 5*j + 27 = 11, g*j = -2*a + 19. Let t(p) = -3*p**2 - 4*p - 1. Calculate t(a).
-16
Let i = 55 + -56. Let k be (15 + -17)/((-42)/(-46) + -1). Let q(j) = -27 + 51 - 2*j**2 - k. Determine q(i).
-1
Suppose 815 = -v + 539. Let z = v - -286. Let m(q) = q**2 - 10*q - 4. What is m(z)?
-4
Let h(c) = 83*c + 666. Let z be h(-8). Let t(r) = 2*r**3 - 2*r**2 + 3. Determine t(z).
11
Let n(a) = a**2 + 52*a + 231. Suppose 0 = -2*r + 8, r = -z + 10 - 53. Calculate n(z).
-4
Let y(t) be the second derivative of t**4/12 - 8*t**3/3 - 67*t**2 + 2843*t. Determine y(-6).
-2
Suppose 5*x = -0*x - 2*n - 758, 5*n = x + 130. Let b = -146 - x. Let s(g) = 4*g - 4. What is s(b)?
12
Let n(b) = -b - 1. Let q = -2 - -5. Let r be (8 + 88/(-6))*15/(-10). Suppose 2*h = 4*d, q*h - d - r = -0*h. Give n(h).
-5
Let h be ((-20)/6)/(140/420). Let q(c) = -c**3 - 10*c**2 - c - 18. Determine q(h).
-8
Let x(c) be the second derivative of -c**4/12 - 2*c**3/3 + c**2 + 903*c. Calculate x(4).
-30
Let y(s) = -2*s**3 - s**2 + 4*s + 3. Let l = 145 + -194. Let g(c) = -c**2 - 2*c - 3. Let v be g(-8). Let u = v - l. Give y(u).
7
Let a(w) = -w**3 + 5*w**2 - 5*w + 5. Suppose 0 = u + 2*u - 12. Let c be a(u). Let x(n) = 10745305 + 13*n - 10745305. Give x(c).
13
Let g(v) = -v**3 - v**2 + v - 2. Suppose -4*t = -3*y + t + 34, 3*y = 2*t + 19. Suppose 2*h = -l + 3*l - 10, -y*l - 3*h = 15. What is g(l)?
-2
Suppose 0 = -4*b + 12. Let p(t) = -11*t**2 + b*t + 6 - 3 + 12*t**2. Let c(i) = -9*i - 31. Let s be c(-3). Give p(s).
7
Let t(d) = -14*d**2 + d + 2. Let x = 6286 + -6287. Calculate t(x).
-13
Suppose -6*s + 3 = -5*s. Let p(r) = r + 4 - 3*r + 4*r + s. Let v be (-6 + 0)*(3 + -2). Give p(v).
-5
Let p(f) be the first derivative of f**3 + 13*f**2/2 - 8*f - 256. Determine p(-5).
2
Let r(g) = 2*g**2 + 70*g + 139. Let p be r(-33). Let b(j) = -j**3 + 6*j**2 + 5*j + 9. Calculate b(p).
-5
Let r be (18/8)/((-33)/(-8) + -4). Let n(v) = -110*v + 41. Let x(c) = -247*c + 82. Let y(w) = 9*n(w) - 4*x(w). Calculate y(r).
5
Suppose 4*o - 22 = -2*b, -52 = -3*b + 4*o + 31. Let y(a) = 0*a - 19*a + b*a - 7. Determine y(6).
5
Let d = -171 + 177. Let m(o) = 57*o - d + 54*o - 112*o. Calculate m(-7).
1
Let y(a) = a**2 + 7*a. Let o(m) be the first derivative of -m**3/3 + m**2 + m + 55. Let s be o(-2). Determine y(s).
0
Let c(f) = -5*f + 3. Suppose -2*k = 10, -3*z + 4*k = 3*k - 20. Suppose 16 + z = 7*m. Give c(m).
-12
Let u(b) = 2*b**2 - b. Let x be u(-1). Let k(j) = 5*j + x*j - 3 + 2. Let o be 3 + ((-435)/(-174) - (-14)/(-4)). What is k(o)?
15
Let z(v) = v**2 - 11 - 5*v + 5*v + 4. Let l be (12 + (1 - 9))/(16/(-12)). Calculate z(l).
2
Let h(p) be the second derivative of p**5/20 + p**3/6 + p**2 - 39*p. Let f be 30/120 + (6/(-8))/3. Suppose -2*m = -3*q - f + 19, -3*m - q = 1. Give h(m).
-8
Suppose -w - 18 = -3*w. Suppose -4*r = -r - w. Let b(a) = 24*a**2 - 4425*a**3 + 4423*a**3 - 21*a**2 + 4*a. Calculate b(r).
-15
Let g(f) = -f**2 + 14*f + 4. Suppose t - v = 543, 4*t - 1660 - 510 = 2*v. Suppose t = 45*b - 88. What is g(b)?
4
Let h(f) = -4*f**2 + 3*f. Let g be ((-21)/(-9) + -3)*126/(-4). Let w = 27 - g. Suppose -w = -r - 2*r. Determine h(r).
-10
Let g(f) = 3*f**3 - 7*f**2 + f - 4. Let n be g(2). Let d(l) be the second derivative of l**3/6 + 13*l**2/2 - 19*l. Determine d(n).
7
Let w(v) be the first derivative of -v**5/20 - 3*v**4/4 - v**3/3 + 5*v**2/2 - 79*v - 200. Let b(s) be the first derivative of w(s). Give b(-9).
23
Let j(v) be the second derivative of v**5/20 + 3*v**4/2 - 8*v**3/3 + 39*v**2/2 - 424*v - 6. What is j(-19)?
-18
Let o(x) = 16685 - x**2 + 16693 - 33375 + 4*x. Calculate o(0).
3
Let g(q) be the second derivative of 5*q**3/6 + 10*q**2 - 51*q. Let w(r) = 4*r + 19. Let f(s) = -3*g(s) + 4*w(s). Give f(-10).
6
Let g(s) = s**3 - 6*s**2 - 14*s + 1. Let a(f) = 19*f - 1360. Let m be a(72). Calculate g(m).
17
Let t(y) = -36*y - 1. Let n